e the remainder when 169 is divided by p(44).
84
Suppose 0 = -17*g + 3281 - 1207. What is the remainder when g is divided by 16?
10
Let n(o) = o + 19. Let w = -20 - -5. What is the remainder when 8 is divided by n(w)?
0
Suppose 2*j = -12, 8*j = 4*n + 3*j - 70. Suppose 4*w = w + 198. What is the remainder when w is divided by n?
6
Calculate the remainder when 105 is divided by ((-1275)/68)/(3/(-4)).
5
Suppose -3*h = -3*g + 30, -g - 3*h + 7 = -h. Suppose 3*d + 3 = 0, 2*d = -2*m - 2*d - 190. What is the remainder when 1 - (m/6 - (-3)/(-6)) is divided by g?
8
Suppose -4*r + 3*m = -r - 153, 305 = 5*r + 5*m. Let k(o) = o**3 - 2*o - 2. What is the remainder when r is divided by k(3)?
18
Let l be 4 + 0 + -1 + -6*3. Let h be (-294)/(-10) - 2/5. Let z = l + h. Calculate the remainder when 54 is divided by z.
12
Suppose -4*i + 47 = -5*r - 60, 0 = -2*i + 4*r + 52. Let c = 1544 + -1434. Calculate the remainder when c is divided by i.
26
Suppose 5 = -2*t + t. Let q = t - -17. Let d = -8 + q. Calculate the remainder when 7 is divided by d.
3
Calculate the remainder when (-58 + -2)/((-96)/256) is divided by 49.
13
Let a(y) = 2*y**2. Let h be a(-1). Let o be 18/(-4)*(-52)/6. Suppose 5*b - o = -5*v + 91, -v = h*b - 28. What is the remainder when 46 is divided by v?
22
Let o(p) = 9*p**3 - 4*p**2 - 3*p - 1. Let r be o(-2). Let i = -31 - r. Calculate the remainder when i is divided by 11.
8
Suppose -80*t + 78*t = -g + 294, -2*t + 1196 = 4*g. Calculate the remainder when g is divided by 30.
28
Suppose -9 + 65 = 4*x. Let r(b) = 6*b - 38. Let y be r(6). Calculate the remainder when (x - -4) + y + 4 is divided by 7.
6
Calculate the remainder when 0/(4/(-12)*3) - -12 is divided by 10.
2
Let l(v) = v**3 - v**2 - v + 7. Let i(c) = 2*c**3 - c**2 - 3*c - 2. Let y be i(-1). What is the remainder when l(0) is divided by y*((-9)/(-18))/((-2)/4)?
1
Let a(w) = 5*w - 199. Calculate the remainder when 154 is divided by a(45).
24
Let z(d) be the second derivative of -d**4/12 + 3*d**3/2 + 2*d**2 - 3*d. Let a(i) = -i + 1. Let b be a(-6). What is the remainder when 52 is divided by z(b)?
16
Let y be (-234)/(-90) - (-6)/(-10). Suppose -25 = -5*p, y*l = -l + p + 37. Calculate the remainder when 27 is divided by l.
13
Let p(k) = k**2 - 8*k + 6. Let f(r) = 2*r - 6. Let v be f(4). Suppose -v*x + 13 = -3. Calculate the remainder when p(x) is divided by 4.
2
Let t(o) = 174*o - 39. Calculate the remainder when t(2) is divided by 39.
36
Let v(a) = 11*a**2 + 3*a + 5. Let k be 8/(-14)*105/30. What is the remainder when v(k) is divided by 23?
20
What is the remainder when 160 - (-6)/(48/56) is divided by 59?
49
Let h(x) = x**2 - 5*x - 7. Let q(j) = -10*j - 8. Let a(d) = -11*d - 7. Let m(v) = 3*a(v) - 2*q(v). Calculate the remainder when m(-4) is divided by h(8).
13
Calculate the remainder when 84 is divided by 136/6 + (-2)/3.
18
Let k be (-130)/(-20)*(3 + -1). Suppose -5*r + k*r + 288 = 0. Let q = -13 - r. Calculate the remainder when 66 is divided by q.
20
Suppose 50*b = 830 + 7170. Calculate the remainder when b is divided by 55.
50
Let l(y) = y**3 - 13*y**2 + 12*y + 12. Let v be (21/(-14))/(3/(-24)). Calculate the remainder when l(v) is divided by 7.
5
Suppose 2*w = 12 - 0. Suppose -v - 4*x + 39 = 0, -4*x - 3 - 4 = -v. What is the remainder when v is divided by w?
5
Let p(a) = -8*a**3 + a**2 + 2*a + 1. Suppose 4*i + 2*k = k, 0 = -2*i - k + 2. What is the remainder when p(i) is divided by 3?
2
Suppose 4*z = -3*b + 7*b - 16, 24 = -3*z - 3*b. Suppose 36 = 4*d - 4*l, -4*l - 25 = -2*d - 1. Calculate the remainder when 6/9 - 122/z is divided by d.
3
Suppose -55*c + 1620 = -25*c. Calculate the remainder when c is divided by 3.
0
Suppose 77 = -s - s + f, -3*f = 3*s + 129. Let h = -6 - s. Let q(i) = 5*i - 3. Calculate the remainder when h is divided by q(3).
10
Let o = 33 + 2. Suppose 0 = 3*q + 2*q - o. What is the remainder when 39 is divided by q?
4
Let j(g) = -g**2 + 16*g - 6. Let f be j(7). Suppose u - f = -x, 174 = 3*x + 4*u - 2*u. What is the remainder when x is divided by 4/6 + (-122)/(-6)?
18
Let z(w) = -w**2 - 6*w + 6. Suppose -2*a + 10 + 14 = 5*c, 18 = 4*c + a. Calculate the remainder when z(-5) is divided by c.
3
Let t(q) = -102*q - 871. What is the remainder when t(-22) is divided by 23?
16
Let g = 3 + 7. Let x(a) = -15*a - 2. Suppose 1 = 2*k + 5. What is the remainder when x(k) is divided by g?
8
Let q = 36 - 34. Calculate the remainder when 27 is divided by 6/q + -5 - -17.
12
Suppose -4*m - 1157 + 3389 = 0. Suppose h + 5*h = m. Calculate the remainder when h is divided by 19.
17
Suppose l - 48 = -15*l. What is the remainder when 12 is divided by l?
0
Suppose -1 = -4*g + 19. Suppose -5*c = -4*v + 3*v + 92, 404 = g*v + 3*c. Calculate the remainder when v is divided by 14.
12
Let t = 4 + 3. Calculate the remainder when 5/(-30) + 772/24 - -1 is divided by t.
5
Suppose -198 = -5*g + 37. What is the remainder when 183 is divided by g?
42
Let y(n) = 3*n**2 + 10*n. What is the remainder when y(3) is divided by 27?
3
Suppose -4*h - 2*d = -0*h - 312, -4*h + 2*d + 312 = 0. Suppose 8*v - h = 5*v. What is the remainder when v is divided by 10?
6
Let u be 3 + (-11 + 14 - (-3 - 0)). Calculate the remainder when 28 is divided by (u + 2 + 0)*(-1 - -2).
6
Suppose -2*x = j - 137 + 34, -3*x - 103 = -j. Let l = -3 - -11. Let c = 34 - l. Calculate the remainder when j is divided by c.
25
Let z be (0 + 8/(-12))*-1*3. Suppose -h = -2*o + 4*o - 116, z*h - 214 = 5*o. What is the remainder when h is divided by 38?
36
Let d be ((-1)/(-2))/(9/702). Let v = d + -23. Calculate the remainder when 62 is divided by v.
14
Suppose 5*m + 5*r - 160 = 0, 0*r + 96 = 3*m - r. Let b(c) = -c**2 - 11*c + 8. What is the remainder when m is divided by b(-10)?
14
Let p(a) = a**3 + 39*a**2 + 36*a - 37. What is the remainder when p(-38) is divided by 4?
3
Suppose -5*h = -5*d + 420, -2*d - h - 171 = -4*d. Calculate the remainder when d is divided by 6/900*10 + (-224)/(-15).
12
Calculate the remainder when 239 is divided by -7*((-1313)/364 - 3/(-4)).
19
Let s(b) = 5*b + b + 6 - b. Let p(k) = k. Let q be p(3). Calculate the remainder when 81 is divided by s(q).
18
Let f = 2 - -56. What is the remainder when 106 is divided by f?
48
Let z(u) = -u**2 - 18*u - 35. Calculate the remainder when z(-9) is divided by (-5 + -3)/(1/(-2)).
14
Suppose 0 = 5*d - 625 + 130. Suppose 22*q = 19*q + d. Calculate the remainder when q is divided by 13.
7
Suppose -2*j + 21 = -2*p - 17, 3*j = -5*p + 57. Calculate the remainder when 379 is divided by j.
18
Let l(q) = -11*q - 179. What is the remainder when l(-29) is divided by 6?
2
Let j = 594 - 522. Calculate the remainder when 227 is divided by j.
11
Suppose 5*c - 7*n = 2956, 0 = 4*n - 3 - 5. Calculate the remainder when c is divided by 100.
94
Suppose -w - 1 = -0*w. Let r = w + 11. Suppose 507*s + 18 = 2*b + 512*s, 3*s - 7 = -b. Calculate the remainder when b is divided by r.
9
Suppose -5*x = 0, 2*a + 2*x = 4*a - 306. Suppose -5*o - 5*f = -2925, 0*f = -2*f. Suppose -37*q + 22*q = -o. What is the remainder when a is divided by q?
36
Suppose -111*k - 104 + 28853 = 0. What is the remainder when k is divided by 29?
27
Suppose -3*i + 2*r = -14, -5*i - 2*r = 3*r + 10. Suppose i*g = -5*g + 574. Let u = g - 17. Calculate the remainder when u is divided by 17.
14
Let k = 274 + -193. Let c = -55 + k. What is the remainder when 50 is divided by c?
24
Let j(r) = -10*r - 33. What is the remainder when j(-12) is divided by (-1*2)/(3/(-66))?
43
Let o be (-3)/18 - ((-551)/(-6) - 1). Let b = o - -205. What is the remainder when b is divided by 29?
27
Suppose -10*p + 12*p - 116 = 0. Let h = -3 + p. What is the remainder when h is divided by 12?
7
Let k be (-9)/(-2)*(-3 - 3). Let h = -26 - k. Let n(d) = 57*d**3 - d**2 + 3*d - 2. What is the remainder when n(h) is divided by 15?
12
Suppose -x + 17 = 5*u + 4, 5*x + 10 = 0. Suppose 0 = -u*n - 52 + 145. Suppose w = 3*s - 51, 0*s = -2*s + 2*w + 34. What is the remainder when n is divided by s?
14
What is the remainder when 581 is divided by (1 + 8 - -119) + -11?
113
Suppose 3*u - 36 = -x, 5*u = 79*x - 77*x - 50. Calculate the remainder when x is divided by 18.
12
Let u = -21 - -44. Let x = -39 - -61. Suppose -4*s + x = 3*v, -16 = -2*v - 0*s - 4*s. Calculate the remainder when u